l + t = 0, -3*d + 5*l + 62 = 0. Suppose -4*q + d + 26 = 0. What is the tens digit of q?
1
Suppose 2*c - c + 74 = -5*a, c = -2*a - 32. Let x be (-6 - a)/(2/(-4)). What is the units digit of 1/(x/6 - -3)?
3
Let u be (70/(-21))/((-2)/3). Suppose u*r + 47 = 3*n + n, -5*r + 5 = 0. What is the tens digit of n?
1
Let h(d) = -d**3 + 6*d**2 - d + 9. What is the units digit of h(6)?
3
Let c = 28 + -13. Let d(m) = -m - 4. Let y be d(5). Let i = y + c. What is the units digit of i?
6
Let y(v) = v + 3*v - 3*v. Let c be y(-2). What is the units digit of 2 + (-2)/(c/1)?
3
Suppose -5*l = 5*d - 2*d + 2, 0 = -4*d - 5*l - 6. Suppose -3*x = 5*v - 38, -2*v - 10 - 10 = -2*x. Let f = d + x. What is the units digit of f?
7
Suppose -5*j + 22 = -4*j. Suppose 0 = n + n + j. Let r(z) = -z**2 - 11*z + 6. What is the units digit of r(n)?
6
Let j(o) = -o**3 - 7*o**2 - 7*o + 2. Let p be j(-5). Let q = p + 19. Suppose 0 = 3*w - 12, -2*w + q*w = 5*b - 24. What is the units digit of b?
8
Let o(t) = t**3 + 3*t**2 - 5*t. Let f be o(-4). Suppose -3*p - 4 = -f*p. Suppose p = -5*n + 24. What is the units digit of n?
4
Let y(v) = -5*v - 6. Let m = 6 - 10. Let t be y(m). Suppose -t = -3*u - 6*w + 4*w, -u + 8 = 4*w. What is the units digit of u?
4
Suppose -2*y - 2*l = -64, 139 = 5*y + 3*l - 5*l. What is the units digit of y?
9
Let v(u) be the first derivative of -u**4/4 - 2*u**3 - 2*u**2 + 7*u + 2. Let c be v(-5). Suppose -k + 20 = -3*o, 0 = c*o + o + 15. What is the units digit of k?
5
Let w(t) = -t + 10. Let z be w(5). Suppose -g + 4*g - 9 = j, z*g + 3*j = 15. What is the tens digit of ((-1)/2)/(g/(-72))?
1
Let i(n) = -2 + 2*n + 8*n - 13*n. Let p = 7 + -11. What is the units digit of i(p)?
0
Suppose 0 = 70*h - 67*h - 1059. What is the hundreds digit of h?
3
Let u(o) = o**2 + 3*o - 3. What is the units digit of u(-4)?
1
Suppose 6*x - x = 25. Let c(j) = -j + 2. Let z be c(6). What is the units digit of (z/(-5))/(1/x)?
4
Let w(f) = -2*f - 3. Let a be w(-2). Suppose 32 = 4*u - 4*h, u - 3 = -h - 1. What is the units digit of 4 + u + -2 + a?
8
Let d(o) = -o**3 + 6*o**2 + 9*o - 10. Let h be d(7). Suppose 2*c - h = c. What is the units digit of c?
4
Let y be -4 + (3 - 1) + -4. Let b be 1*(3 + y/3). Suppose 5*p + 4*g = 1, 2*p = -0*g - g + b. What is the units digit of p?
1
Let x(g) = -g**2 + 8*g - 3. Let r be x(7). Suppose -r*k + 45 + 19 = 0. What is the tens digit of k?
1
Suppose 5*f - 92 = 4*k, 0*f + 2*f - 5*k = 47. What is the tens digit of f?
1
Let n = 1 + 0. What is the units digit of 5 + 2 + (n - 1)?
7
What is the units digit of (-8)/10 - ((-897)/15 - -2)?
7
Let u(d) = d**2 + 5*d - 2*d**2 - 2 + 0. Let t be u(4). Suppose 24 = 4*c - 4*p, 3 + 11 = t*c - 3*p. What is the units digit of c?
4
Suppose 4*y - 1181 = -h, -2*h + 1074 = 4*y - 104. What is the hundreds digit of y?
2
Suppose -9*y + 176 = -y. What is the units digit of y?
2
Let q = 187 + -130. What is the units digit of q?
7
Let g = 20 - 10. Suppose 3*x - 55 = -g. What is the units digit of x?
5
Suppose 5*h + l + 3*l - 158 = 0, 5*h - 156 = -3*l. What is the units digit of h?
0
Suppose -5*l - 100 = -5*o + o, 0 = 4*o + 5*l - 140. What is the units digit of o?
0
What is the tens digit of 14*((-610)/35)/(-1)?
4
Let v(t) = -t**2 + 14*t - 12. Let j(u) = -u**2 + 14*u - 11. Let b(f) = -2*j(f) + 3*v(f). What is the tens digit of b(11)?
1
Suppose 0*p + p - 16 = 0. What is the units digit of p?
6
Let s(m) = -m**2 - m + 2. Let b be s(0). Suppose -a = -b*a. What is the units digit of 6*((a - 1) + 4)?
8
Suppose -2*q + 0*q = 3*w - 31, -10 = -2*q. What is the tens digit of 109/w - 15/(-35)?
1
Let y = -151 + 328. What is the units digit of y?
7
Suppose 5*g = -4*n + 60, -4*g + 0*g - 4*n = -44. What is the units digit of g?
6
Suppose 5*f + 100 = 3*n, -2*f + 4*f + 192 = 5*n. What is the units digit of n?
0
Suppose -b + 89 = -3*t, -4*b - 3*t + 367 = -4*t. What is the tens digit of b?
9
Let v be 15*(-3)/(-5)*1. What is the units digit of (v*-1)/((-5)/5)?
9
Suppose -3*r = -2*r - b + 10, 2*b = -5*r - 57. Let u = -2 - r. What is the units digit of u?
9
What is the units digit of 4 + 0 + 1472/23?
8
Suppose -4*x + 17 = 3*m - 65, -5*x - 4*m = -102. Suppose -x - 39 = -4*o + 3*z, 0 = 5*o - 4*z - 76. What is the tens digit of o?
1
Let v(s) = 2*s - 3*s**2 + 8*s**2 + 1 + 0 - 2. Let h be (-1)/2*4/(-2). What is the units digit of v(h)?
6
Suppose 4*t = -5*v - 0*v + 3, -3*v + 6 = t. Suppose -v*r - 54 = -6*r. What is the tens digit of r?
1
Let i(o) = 10*o**3 - 3*o**2 - 2*o + 4. What is the units digit of i(3)?
1
Let o = 3 + 0. Suppose o*h - 2*h - 5 = 0. What is the units digit of h?
5
Suppose -44 = 2*r + 3*k, 5*r + 52 = 2*r - k. Let w = r + 30. What is the units digit of w?
4
Let w = 68 - 29. What is the tens digit of w?
3
Suppose 7*h + 3*h - 640 = 0. What is the tens digit of h?
6
Let c = -5 + 6. Suppose -3*k = -5*k + 5*r + 33, -k - c = r. What is the units digit of k?
4
Let n = 54 + -14. What is the tens digit of n?
4
Let w(x) = x**2. Let m be w(2). Let r(p) = -p**2 + 6*p - 3. Let t be r(2). Suppose -t*h - 2*b + 46 = 0, 22 - 2 = 4*h - m*b. What is the units digit of h?
8
Let q be 5 + (1 - (-2)/1). Suppose 4*i = q*i - 148. What is the units digit of i?
7
Let s = 7 + -13. Let d = s + 20. What is the units digit of d/(-63) - (-74)/9?
8
Let o(b) = b**3 - b**2 - b + 34. What is the units digit of o(0)?
4
Let q(c) = -c**2 - 8*c - 7. Let s be q(-6). Suppose -s*y + 19 = -111. What is the units digit of y?
6
Suppose -10 = v + 8. Suppose t + 3*t = 132. Let f = v + t. What is the units digit of f?
5
Let s(g) = 3*g + 3. Let h(y) = -6*y - 7. Let k(o) = -2*h(o) - 5*s(o). What is the units digit of k(-5)?
4
Let o = 13 - 24. Let v = o - -16. Suppose -4*x - c + 58 = -11, -2*c + 90 = v*x. What is the units digit of x?
6
Suppose 0 = 2*d + 3*k + 7 - 31, -4*d - 4*k + 48 = 0. Let c = d + -3. What is the units digit of c?
9
Suppose 5*o = 20, -b + 3*o - 11 = o. What is the tens digit of (-4 - b)*(-11 + -2)?
1
Suppose 3*q = 3, -3*j - 5*q = -7 - 16. What is the units digit of j?
6
Let q = -3 + 6. What is the units digit of (q/(-2))/((-27)/252)?
4
Suppose 4*a - 9 = 3. Suppose -4 = 2*j + 3*s - 6, -3*s = -3*j + a. What is the units digit of j?
1
Let n(w) = 3*w**2 + 0 + w**2 + 2. Let h(z) = -3*z**2 + z - 2. Let i(v) = -5*h(v) - 4*n(v). What is the units digit of i(-4)?
6
Let m(p) = -p**3 - 2. Let r be (3 - 1)*1 + -4. What is the units digit of m(r)?
6
Let x(j) = j**2 - 9*j + 11. Let g be x(8). Suppose 2 + 4 = g*z. What is the units digit of z?
2
What is the units digit of 24/(2 + 1) + 3?
1
Suppose 0*b - b = 0. Let m be (-2)/(-2) - (4 + b). Let u = m - -4. What is the units digit of u?
1
Suppose -3*k + 2*k - 32 = -3*g, -3*g - 2*k + 44 = 0. What is the units digit of g?
2
Let s(t) = -6*t - 2. Let q be s(-1). Suppose -5*y + w + 55 = -33, -2*y = q*w - 44. What is the tens digit of y?
1
Let s(z) = 19*z. Let f be s(5). Suppose 3*h = -2*h + f. What is the tens digit of h?
1
Let q(o) = -o**2 - 7*o + 1. Let m(f) = -2*f + 1. Let r be m(-3). Let z = -13 + r. What is the units digit of q(z)?
7
Let d(a) = 1 - a + 3*a - a + 25*a**2 - 5*a**2. What is the units digit of d(-1)?
0
Let x(u) = -u**2 - 6*u + 10. What is the units digit of x(-7)?
3
Let t be -2*((-1 - -2) + 12). Let m = -7 - t. What is the units digit of m?
9
Let o(u) = u**3 + 3*u**2 - 4*u - 1. Suppose 0*g + 3*g = -9. What is the tens digit of o(g)?
1
Let j = -349 - -502. What is the hundreds digit of j?
1
Let s(q) = -q**2 - 7*q - 5. Let p be s(-7). Let w(c) = -c - 3. Let r be w(p). Suppose 4*n = -t + 67, -82 + 16 = -4*n - r*t. What is the tens digit of n?
1
Let m = -27 - -44. What is the tens digit of m?
1
Suppose -4*v = 2*q, -2*v - 8 = -4*q - 6*v. Suppose -3*b = 6, -q*m + 90 = 2*b - 7*b. What is the tens digit of m?
2
Let w(p) be the second derivative of p**5/20 + p**2 + p. Let j(x) be the first derivative of w(x). What is the units digit of j(1)?
3
Suppose 0 = -2*t + t. Suppose -16 = -t*l - l. What is the units digit of l?
6
Let y be 4*3 - (3 - 1). Let o(u) = -u**3 + 9*u**2 + 11*u + 2. What is the tens digit of o(y)?
1
Suppose 0 = -w - 3*s + 5*s + 103, 4*w = 2*s + 394. What is the tens digit of w?
9
Let q(g) = g**2 + 5*g + 5. Let c be q(-5). Suppose -4*h + 0 = -5*x + 231, -c*h = -2*x + 106. Suppose 7 = -4*p + x. What is the units digit of p?
9
Sup